(s) = -s**3 + 34*s**2 + 33*s + 72. Let y be d(l). Let n(w) = 3*w**2 - w - 2. Calculate n(y).
8
Let p(l) = l**3 + l**2 + l - 1. Let a(y) = -2*y**3 - y**2 - y + 1. Suppose -2*w - 8 = -j - 9, 0 = -3*j - 5*w + 19. Let h(s) = j*a(s) + 5*p(s). Calculate h(2).
2
Let u(l) = 11*l**2 + 4*l - 6. Let k(c) = -13*c**2 - 4*c + 7. Let j(t) = 5*k(t) + 6*u(t). Let h = 34 - 26. Let z be (-34)/h - 5/(-20). Calculate j(z).
-1
Let v(p) = p**3 - 27*p**2 - 26*p - 59. Let b = -4666 - -4694. What is v(b)?
-3
Let h(r) = r + 5*r + 6*r**2 - 2*r - r**3 - 8. Let o be (51/(-3) + -1)/(54/(-36)). Suppose -7*n - 30 = -o*n. Calculate h(n).
16
Let d(l) = 2*l - 6. Let o be 2 - (-21)/((-1)/(-15)*3). Let p = o + -43. Let h = p - 60. Determine d(h).
2
Let g(p) = p**3 + 4*p**2 + 6*p + 9. Let b(a) = -a**2 + 19*a + 179. Let u be b(-7). Determine g(u).
0
Let b(h) = 3*h**2 - 9 + 34 + h - 24 - 3. Let w = 23 - 18. Suppose w*q - 2*m - 10 = 0, -2*q + 3 = -5*m - 1. Give b(q).
12
Let k(i) = -14*i - 27. Let l be 33/231 - 39/(-42)*2. Give k(l).
-55
Let v(w) be the second derivative of -w**4/6 - 5*w**3/6 + w**2 - 4*w. Let u(r) be the first derivative of 5*r**2/2 + 5*r + 15. Let s be u(-2). Give v(s).
-23
Let z be 15/(-9) - (-1)/(-9 + 246/26). Let r(u) be the third derivative of -2*u - 8*u**2 - z*u**3 + 0 - 1/12*u**4. Give r(8).
-19
Suppose 960 = -5*i + 4*r + 1006, 3*i - 4*r = 26. Let c(d) = 2 - 7*d + 7 + 3*d**2 - 2*d**2 - 2*d. Determine c(i).
19
Let m be 2/(12/10*10/18). Let i(k) = -2*k**2 + 17. Let q(d) = d**2 - 9. Let v(p) = -3*i(p) - 5*q(p). Give v(m).
3
Let n(w) = 28 + 32 - 15*w - 21 - w**2. Calculate n(-16).
23
Let l = 238 - 231. Suppose -4*p + 2*p = o - l, 0 = -4*p - o + 17. Let t(y) = y**3 - 4*y**2 - 6*y. Give t(p).
-5
Let b(t) = -t**3 - 4*t**2 + 9*t - 22. Suppose f = 3*z + 12, -30*f = 2*z - 34*f - 12. What is b(z)?
-4
Let b(m) be the second derivative of -m**3/3 + 9*m**2/2 + 40*m. Let p = 22 + -18. Suppose 2*h = 5*y - 36, y + p*h + 6 = -0*y. Determine b(y).
-3
Let y(s) = 32*s - 1294. Let f(c) = -7*c + 293. Let x(d) = 22*f(d) + 5*y(d). Determine x(22).
108
Let b be (-38)/((-532)/42) - ((-2)/1 - -6). Let z(s) = 43*s + 43. Calculate z(b).
0
Let g(y) be the first derivative of 10*y**3/3 - y**2 - 144*y - 51. Let k(w) be the first derivative of g(w). Give k(2).
38
Let g = 9 + -7. Let v(b) = -b**2 + 0*b**g + 386 + 7*b - 394. Calculate v(6).
-2
Suppose 2*j + 30 = 3*z, -5*j - 31 = -z - 8. Let i(g) = -8*g + 13. What is i(j)?
37
Let a(m) = -4 + 67*m - 43*m - 8*m + 35. Give a(-3).
-17
Let d(k) be the first derivative of 10*k**3/3 - 36*k**2 + 3*k + 103. Let i be d(7). Let j(n) = n**3 + 12*n**2 + 10*n. Give j(i).
11
Let c(t) = -t**3 - 4*t**2 + t + 4. Suppose -9*g = -7*g - 10. Suppose -2*s + 4 = 2*j - 6*s, g*j = 4*s - 2. Let z be (1 + j)/((-8)/(-24)). Determine c(z).
-8
Let u(x) be the third derivative of 4*x**5/15 + x**4/12 + 5*x**3/6 - 8*x**2 - 15*x - 7. Give u(-2).
65
Let j(l) = -2*l - 1. Let g(u) = -u**2 + 10*u + 33. Let t(z) = -g(z) - 7*j(z). Give t(-8).
6
Let y(g) be the second derivative of -g**6/120 + g**5/30 + g**4/6 - 5*g**3/6 - 80*g**2 - 77*g. Let w(t) be the first derivative of y(t). Give w(2).
3
Let a(l) = -14 - 15 + 28. Let n be (2/(-5))/(12/60). Let m(j) = j + 2. Let q(r) = n*a(r) + m(r). Calculate q(-2).
2
Let s = -1433 + 1433. Let g(y) be the second derivative of -y**3/6 + 10*y**2 - y + 51. Calculate g(s).
20
Let z(r) = -3*r + 75. Let y be ((345/46)/15)/((-1)/(-46)). What is z(y)?
6
Let y be -2 + -4 + 7 + -20 + 17 + -14. Let c(o) = -o**3 - 17*o**2 - 14*o + 15. Give c(y).
-17
Let a(o) be the third derivative of -1/120*o**6 + 1/4*o**4 + 0*o + 0 + 40*o**2 - 1/20*o**5 + 0*o**3. Give a(-5).
20
Let f be 16/14*(-3094)/(-1768). Let s(u) be the first derivative of f*u**2 + 20 - 1/3*u**3 + 6*u. Give s(6).
-6
Suppose -3*u - u - 4*c + 8 = 0, -1 = c. Let x(n) = -5 + 5*n - 8*n**2 - 235*n**3 + 234*n**u + 3*n. Suppose -8 = o + 1. What is x(o)?
4
Let j(q) = -q**3 - 5*q**2 - 3*q + 1. Let c be j(-4). Let r(k) be the first derivative of -1/4*k**4 - 1/3*k**3 + 3/2*k**2 + 4*k - 141. Calculate r(c).
13
Let p(o) = -5*o - 1. Let u = 648 + -29. Suppose u*d = 620*d + 1. Determine p(d).
4
Let b(f) = -552*f**2 - 20*f**3 + 525*f**2 - 47 - 20*f - 33*f + 19*f**3. Give b(-25).
28
Let l(i) = -i**2 + 8*i + 304. Suppose -6*b + 1100 = 15*b + 29*b. Give l(b).
-4
Suppose 9*v + 100 = 13*v. Suppose -4*y - v + 21 = 0. Let b(i) = 8*i**2 - 2*i - 2. Calculate b(y).
8
Let x(w) = -4*w**3 - 53*w**2 + w + 13. Let l(h) = -12*h**3 - 154*h**2 + h + 38. Let y(d) = 4*l(d) - 11*x(d). Determine y(-8).
1
Let c(t) = t**2 - t + 1. Let j = 97 + -92. Let o(k) be the first derivative of 4*k**3/3 - 2*k**2 + 9*k - 17. Let p(l) = j*c(l) - o(l). What is p(-3)?
8
Let s be ((-2)/4)/(4 + (-25)/6). Suppose 3*d = -d + u + 115, s*d - 3*u - 75 = 0. Let k = 36 - d. Let p(t) = t**2 - 8*t - 2. Calculate p(k).
-14
Let m(a) = -a**3 + a**2 - a. Suppose -y - 120 = -25. Let g = 95 + y. Calculate m(g).
0
Let s(b) = -4 + 4 + 6*b**2 + 4 - 29*b - 4*b**2. Let t be s(14). Let r(f) = -3*f + 6. Determine r(t).
36
Let q = -1 - -4. Let b(v) = 2002089192 + 3*v + 2*v - 2002089195 - 3*v**2. Calculate b(q).
-15
Let s(n) = -26*n**3 + 3*n**2 - 3*n - 5. Let t be s(-1). Let d(r) = 38*r - 19*r - r**2 + 2 - t*r. Calculate d(-7).
9
Let z(d) = 93*d + 99*d + 30 + 92*d - 272*d + 7. Determine z(-3).
1
Let q(k) = k**2 + 13*k + 46. Let o(a) = a**2 + 15*a + 56. Let y(j) = 3*o(j) - 4*q(j). Calculate y(-6).
-10
Suppose 0*u + 4*u + 5*o = 10, 2*u + 3*o - 4 = 0. Let i(a) = -a**2 - 21*a + 4*a + 10*a + 2*a + u. Give i(-7).
-9
Let s be (-3)/1 + 7/1. Suppose 0 = -s*d - 28. Let n(c) = -c**3 - 8*c**2 - 5*c + 2. Calculate n(d).
-12
Let q(g) = -g**2 + 53*g - 60. Suppose a = 57*k - 55*k - 110, 4*a + 24 = 0. Determine q(k).
-8
Let b(d) = 14 + d**3 + 0*d**3 + d + 0*d**2 + d**2. Let g = 143 - 125. Let c(j) = -j + 18. Let z be c(g). Calculate b(z).
14
Suppose 0 = 31*z + z - 832. Let u be (-9)/3*1 - 0. Let q be (39/z)/(u/(-2)). Let l(c) = -3*c. Give l(q).
-3
Let n(i) = -i**3 + 13*i**2 + i - 7. Suppose -34*g = -37*g + 36. Suppose -15*a + 39 = -g*a. Determine n(a).
6
Let f(i) = 21*i - 43*i**2 + 42*i**2 - 26 + 61. Let x be f(22). Let t(p) = p**2 - 12*p - 7. Calculate t(x).
6
Let o(d) be the first derivative of -d**4/4 - 2*d**3 - 3*d**2/2 + 12*d - 386. Determine o(-5).
2
Let r(s) = -17*s - 23. Suppose -p + 3*t + 18 = 0, -2*p - 23 = p + 2*t. Determine r(p).
28
Let y = -1048 - -1043. Let z(l) = 2*l + 7. Let x(t) be the first derivative of 2*t**2 + 14*t + 1. Let k(o) = y*z(o) + 3*x(o). Calculate k(-5).
-3
Let q(j) = 2*j**2 - 6*j - 8. Let d be 1/(15/(52 - 7)). What is q(d)?
-8
Let h(u) = u + u**2 - 7*u**3 + 157541 - 157541. Suppose -3*n - 2*n - 5 = 0. Determine h(n).
7
Let a(t) = -6*t + 10. Let l be (-15 - (-250)/15)*6/5. What is a(l)?
-2
Let v(b) = b**3 + 32*b**2 + 34*b + 95. Let z be v(-31). Let k(l) = 5*l**z + l**3 - 1184*l + 2369*l - 1191*l. Determine k(-6).
0
Suppose -2701*u = -2707*u + 36. Let h(p) = p**3 + 3*p - 5 - 7 - 6*p**2 + 3. What is h(u)?
9
Let l = -38 - -50. Let y(v) = 34 + 77*v - 76*v - 3*v**2 - 10*v**2 + l*v**2. Give y(0).
34
Let x(h) = -8*h - 5 + 16 - h**2 + 0*h**2. Let a = 30423 + -30431. Determine x(a).
11
Let q(t) be the second derivative of t**3/2 + 23*t**2/2 - 8*t - 67. Give q(-4).
11
Let v(q) = -27 - 2*q - 25 + 104 - 26. What is v(5)?
16
Let q(u) = -1359 - 8*u**2 - 3*u**3 + 1354 + 26*u**2 + 4*u - 15*u**2. Determine q(2).
-9
Let r(j) = -26*j**3 - 30*j**2 - 19*j + 27. Let a(f) = -10*f**3 - 15*f**2 - 9*f + 13. Let h(y) = -5*a(y) + 2*r(y). What is h(8)?
-19
Let d(t) be the third derivative of -t**6/120 + 7*t**5/30 + t**4/6 - 4*t**3 + 2*t**2 - t + 1836. Calculate d(14).
32
Let j(l) = 16*l**3 + 44*l**2 - 76*l - 5. Let c(h) = -3*h**3 - 9*h**2 + 15*h + 1. Let p(k) = -11*c(k) - 2*j(k). Suppose 32*y + 49*y + 672 = 25*y. Give p(y).
11
Let r = 7245 - 7247. Let q(n) = -29*n - 3. What is q(r)?
55
Let x(d) be the second derivative of -4*d**3/3 - 59*d**2/2 + 2871*d. What is x(-17)?
77
Let j = -194 - -197. Let l(t) = -6*t**2 - 3*t**j - 15*t + 4*t**3 + 13*t - 2. Give l(6).
-14
Let t(o) = 4*o + 5. Let x = 123 - 115. Suppose 0 = -s + 16 + x. Suppose 24*z = 20*z - s. Give t(z).
-19
Let z(d) = 2*d**2 - 38*d + 158. Suppose t = -4*i + 38, 0 = 7*t - 3*t - 5*i + 16. Give z(t).
2
Let t(f) = -22*f**3 - 25*f**2 + 30*f - 